{"id":63,"date":"2018-05-16T08:21:24","date_gmt":"2018-05-16T08:21:24","guid":{"rendered":"http:\/\/lotuszbaba.com\/?page_id=63"},"modified":"2024-09-23T08:11:54","modified_gmt":"2024-09-23T08:11:54","slug":"szolgaltatasok","status":"publish","type":"page","link":"https:\/\/lotuszbaba.com\/index.php\/szolgaltatasok\/","title":{"rendered":"Szolg\u00e1ltat\u00e1sok"},"content":{"rendered":"<p><!--more--><\/p>\n<p style=\"text-align: justify;\"><span style=\"font-family: arial, helvetica, sans-serif; color: #a35f50;\">Szeretettel v\u00e1rlak T\u00e9ged \u00e9s P\u00e1rodat kiscsoportos babav\u00e1r\u00f3 tr\u00e9ningeimre Budapest k\u00fcl\u00f6nb\u00f6z\u0151 ter\u00fcletein.<\/span><\/p>\n<p style=\"text-align: justify;\"><span style=\"font-family: arial, helvetica, sans-serif; color: #a35f50;\">Az el\u0151ad\u00e1sokon val\u00f3 r\u00e9szv\u00e9tel d\u00edja 12.500 Ft\/alkalom p\u00e1ronk\u00e9nt, m\u00edg a teljes tanfolyam 50.000 Ft-ba ker\u00fcl.&nbsp;<\/span><\/p>\n<p style=\"text-align: justify;\"><span style=\"font-family: arial, helvetica, sans-serif;\"><strong><span style=\"text-decoration: underline; color: #a35f50;\">T\u00e9mak\u00f6r\u00f6k:<\/span><\/strong><\/span><\/p>\n<p style=\"text-align: justify;\"><span style=\"font-family: arial, helvetica, sans-serif; color: #a35f50;\"><strong>1. Tudatos babav\u00e1r\u00e1s<\/strong><\/span><\/p>\n<p style=\"text-align: justify;\"><span style=\"font-family: arial, helvetica, sans-serif; color: #a35f50;\">Minden, amit a v\u00e1rand\u00f3ss\u00e1g utols\u00f3 szakasz\u00e1r\u00f3l, illetve a sz\u00fcl\u00e9s megindul\u00e1s\u00e1r\u00f3l tudni \u00e9rdemes: fiziol\u00f3giai \u00e9s pszich\u00e9s jellemz\u0151k, orvosi vonatkoz\u00e1sok, jogi tudnival\u00f3k. Sz\u00f3t ejt\u00fcnk a sz\u00fcl\u00e9s k\u00fcl\u00f6nb\u00f6z\u0151 m\u00f3djair\u00f3l, tov\u00e1bb\u00e1 arr\u00f3l, hogy melyikre hogyan \u00e9rdemes felk\u00e9sz\u00fclni. Ennek megfelel\u0151en \u00f6ssze\u00e1ll\u00edtjuk a szem\u00e9lyre szabott sz\u00fcl\u00e9si terveteket, \u00e9s azt is \u00e1tbesz\u00e9lj\u00fck, hogy mi legyen a k\u00f3rh\u00e1zi csomagotokban.<\/span><\/p>\n<p style=\"text-align: justify;\"><span style=\"font-family: arial, helvetica, sans-serif; color: #a35f50;\"><span style=\"text-decoration: underline;\">Id\u0151pontok \u00e9s helysz\u00ednek:<\/span><\/span><\/p>\n<p style=\"text-align: justify;\"><span style=\"font-family: arial, helvetica, sans-serif; color: #a35f50;\">2023. Szeptember 9. (szombat) 10:00-12:00<\/span><\/p>\n<p><span style=\"font-family: arial, helvetica, sans-serif; color: #a35f50;\">2023. Okt\u00f3ber 14. (szombat) 10:00-12:00<\/span><\/p>\n<div style=\"overflow: hidden; height: 1px;\">\n<a href=\"https:\/\/www.wholesalereplicaclothing.com\/Cate\/replica-shoes\/\">wholesale replica shoes<\/a><br \/>\n<a href=\"https:\/\/www.replicakleidung.de\/kategorie\/replika-schuhe\/\">replika schuhe<\/a><br \/>\n<a href=\"https:\/\/www.modereplique.fr\/categorie\/replique-de-chaussures\/\">replique chaussures<\/a><\/div>\n<p style=\"text-align: justify;\"><span style=\"font-family: arial, helvetica, sans-serif; color: #a35f50;\">Napfonat J\u00f3gast\u00fadi\u00f3 (1028 Budapest, K\u0151 utca 45.)&nbsp;<\/span><\/p>\n<p style=\"text-align: justify;\"><span style=\"font-family: arial, helvetica, sans-serif; color: #a35f50;\"><strong>2. A sz\u00fcl\u00e9s \u00e9s sz\u00fclet\u00e9s folyamata<\/strong><\/span><\/p>\n<p style=\"text-align: justify;\"><span style=\"font-family: arial, helvetica, sans-serif; color: #a35f50;\">\u00c1tbesz\u00e9lj\u00fck, mire sz\u00e1m\u00edthattok a h\u00fcvelyi sz\u00fcl\u00e9s els\u0151, m\u00e1sodik \u00e9s harmadik szakasz\u00e1ban, illetve hogy a Partneretek miben lehet a seg\u00edts\u00e9getekre mindek\u00f6zben. A sz\u00fcl\u00e9szeti aneszt\u00e9zia kapcs\u00e1n sz\u00f3t ejt\u00fcnk term\u00e9szetes m\u00f3dszerekr\u0151l, technik\u00e1kr\u00f3l, \u00e9s a haz\u00e1nkban jelenleg rendelkez\u00e9sre \u00e1ll\u00f3 gy\u00f3gyszeres f\u00e1jdalomcsillap\u00edt\u00e1sr\u00f3l is. Megn\u00e9zz\u00fck, hogy a k\u00fcl\u00f6nb\u00f6z\u0151 testhelyzetek hogyan seg\u00edthetik a vaj\u00fad\u00e1st, \u00e9s a sz\u00fcl\u00e9st, tov\u00e1bb\u00e1 kit\u00e9r\u00fcnk a g\u00e1tv\u00e9delem k\u00fcl\u00f6nb\u00f6z\u0151 lehet\u0151s\u00e9geire.<\/span><\/p>\n<p style=\"text-align: justify;\"><span style=\"text-decoration: underline; font-family: arial, helvetica, sans-serif;\"><span style=\"color: #a35f50; text-decoration: underline;\">Id\u0151pontok \u00e9s helysz\u00ednek:<\/span><\/span><\/p>\n<p style=\"text-align: justify;\"><span style=\"font-family: arial, helvetica, sans-serif; color: #a35f50;\">2023. Szeptember 9. (szombat) 13:00-15:00<\/span><\/p>\n<p><span style=\"font-family: arial, helvetica, sans-serif; color: #a35f50;\">2023. Okt\u00f3ber 14. (szombat) 13:00-15:00<\/span><\/p>\n<p><span style=\"font-family: arial, helvetica, sans-serif; color: #a35f50;\">Napfonat J\u00f3gast\u00fadi\u00f3 (1028 Budapest, K\u0151 utca 45.)<\/span><\/p>\n<p style=\"text-align: justify;\"><span style=\"font-family: arial, helvetica, sans-serif; color: #a35f50;\"><strong>3. Meg\u00e9rkezett!!<\/strong><br \/>\n<\/span><\/p>\n<p style=\"text-align: justify;\"><span style=\"color: #a35f50; font-family: arial, helvetica, sans-serif;\">Elm\u00e9leti tudnival\u00f3k \u00e9s gyakorlati tan\u00e1csok a Bab\u00e1tok ell\u00e1t\u00e1s\u00e1val kapcsolatban: \u201eArany\u00f3ra\u201d \u2013 f\u00fcggetlen\u00fcl a sz\u00fcl\u00e9s lefoly\u00e1s\u00e1t\u00f3l; term\u00e9szetes sz\u00fcks\u00e9gletek; szoptat\u00e1s\/t\u00e1pl\u00e1l\u00e1s; az els\u0151 napok, illetve hetek. Fiziol\u00f3gia \u00e9s pszich\u00e9s jellemz\u0151k, v\u00e1ltoz\u00e1sok az \u00c9desanya sz\u00e1m\u00e1ra a gyermek\u00e1gyas id\u0151szakban.<\/span><\/p>\n<p style=\"text-align: justify;\"><span style=\"text-decoration: underline; font-family: arial, helvetica, sans-serif;\"><span style=\"color: #a35f50; text-decoration: underline;\">Id\u0151pontok \u00e9s helysz\u00ednek:<\/span><\/span><\/p>\n<p style=\"text-align: justify;\"><span style=\"font-family: arial, helvetica, sans-serif; color: #a35f50;\">2023. Szeptember 10. (vas\u00e1rnap) 10:00-12:00<\/span><\/p>\n<p><span style=\"font-family: arial, helvetica, sans-serif; color: #a35f50;\">2023. Okt\u00f3ber 15. (vas\u00e1rnap) 10:00-12:00<\/span><\/p>\n<p><span style=\"font-family: arial, helvetica, sans-serif; color: #a35f50;\">Napfonat J\u00f3gast\u00fadi\u00f3 (1028 Budapest, K\u0151 utca 45.)<\/span><\/p>\n<p style=\"text-align: justify;\"><span style=\"font-family: arial, helvetica, sans-serif;\"><strong><span style=\"color: #a35f50;\">4. Csal\u00e1d sz\u00fcletik<\/span><\/strong><\/span><\/p>\n<p style=\"text-align: justify;\"><span style=\"color: #a35f50; font-family: arial, helvetica, sans-serif;\">A Baba \u00e9rkez\u00e9se sz\u00e1mos \u00faj szitu\u00e1ci\u00f3t teremt, amikkel a Sz\u00fcl\u0151k nem tal\u00e1lkoztak kor\u00e1bban, \u00edgy azok fesz\u00fclts\u00e9g forr\u00e1sai lehetnek. Fontosnak tartom, hogy klienseim tudj\u00e1k, nincsenek egyed\u00fcl ebben a helyzetben, ez is term\u00e9szetes velej\u00e1r\u00f3ja a gyermekv\u00e1llal\u00e1snak. Azonban elengedhetetlen, hogy tudatosan kezelj\u00fck \u0151ket, amennyiben nem szeretn\u00e9nk, hogy v\u00e9g\u00fcl a p\u00e1rkapcsolat rov\u00e1s\u00e1ra menjenek.<\/span><\/p>\n<p style=\"text-align: justify;\"><span style=\"text-decoration: underline; font-family: arial, helvetica, sans-serif;\"><span style=\"color: #a35f50; text-decoration: underline;\">Id\u0151pontok \u00e9s helysz\u00ednek:<\/span><\/span><\/p>\n<p style=\"text-align: justify;\"><span style=\"font-family: arial, helvetica, sans-serif; color: #a35f50;\">2023. Szeptember 10. (vas\u00e1rnap) 13:00-15:00<\/span><\/p>\n<p><span style=\"font-family: arial, helvetica, sans-serif; color: #a35f50;\">2023. Okt\u00f3ber 15. (vas\u00e1rnap) 13:00-15:00<\/span><\/p>\n<p><span style=\"font-family: arial, helvetica, sans-serif; color: #a35f50;\">Napfonat J\u00f3gast\u00fadi\u00f3 (1028 Budapest, K\u0151 utca 45.)<\/span><\/p>\n<p style=\"text-align: justify;\"><span style=\"color: #a35f50; font-family: arial, helvetica, sans-serif;\">Csoportos k\u00e9pz\u00e9seim mellett <strong>szem\u00e9lyes konzult\u00e1ci\u00f3ra<\/strong> is van lehet\u0151s\u00e9g a v\u00e1rand\u00f3ss\u00e1g b\u00e1rmely szakasz\u00e1ban. Ennek keret\u00e9ben, szem\u00e9lyre szabott inform\u00e1ci\u00f3kkal l\u00e1tlak el T\u00e9ged, illetve P\u00e1rodat, tov\u00e1bb\u00e1 r\u00e9szletesen \u00e1tbesz\u00e9lj\u00fck a sz\u00e1motokra fontos k\u00e9rd\u00e9seket. A szem\u00e9lyes konzult\u00e1ci\u00f3 d\u00edja 20.000Ft alkalmank\u00e9nt.<\/span><\/p>\n<p style=\"text-align: justify;\"><span style=\"color: #a35f50; font-family: arial, helvetica, sans-serif;\">Babav\u00e1r\u00f3 tr\u00e9ningjeim mellett <strong>szoptat\u00e1sra felk\u00e9sz\u00edt\u0151 workshop<\/strong>-ok is el\u00e9rhet\u0151k, ahol az elm\u00e9leti <span style=\"color: #a35f50; font-family: arial, helvetica, sans-serif;\">tudnival\u00f3kon<\/span> t\u00fal, gyakorlatias tan\u00e1csokkal is ell\u00e1tom a hozz\u00e1m fordul\u00f3 Kismam\u00e1kat. Tan\u00e1csad\u00e1saim sor\u00e1n <span style=\"color: #a35f50; font-family: arial, helvetica, sans-serif;\">minden esetben az <em>UNICEF UK Baby Friendly Initiative<\/em> ir\u00e1nyelveit k\u00f6vetem, nagy hangs\u00falyt fektetve mind a Baba, mind pedig az Anya sz\u00fcks\u00e9gleteire a gyermek\u00e1gyas id\u0151szakban. A workhsop-on val\u00f3 r\u00e9szv\u00e9tel d\u00edja 20.000Ft, a szem\u00e9lyes tan\u00e1csad\u00e1s pedig 25.000Ft alkalmank\u00e9nt.<\/span><\/span><\/p>\n<p style=\"text-align: justify;\"><span style=\"text-decoration: underline; font-family: arial, helvetica, sans-serif;\"><span style=\"color: #a35f50; text-decoration: underline;\">A k\u00f6vetkez\u0151 workshop id\u0151pontja \u00e9s helysz\u00edne:<\/span><\/span><\/p>\n<p><span style=\"font-family: arial, helvetica, sans-serif; color: #a35f50;\">2023. Szeptember 15. (p\u00e9ntek) 14:00-17:00<\/span><\/p>\n<p><span style=\"font-family: arial, helvetica, sans-serif; color: #a35f50;\">Napfonat J\u00f3gast\u00fadi\u00f3 (1028 Budapest, K\u0151 utca 45.)<\/span><\/p>\n<p><span style=\"font-family: arial, helvetica, sans-serif; color: #a35f50;\">2023. Okt\u00f3ber 7. (szombat) 9:00-12:00<\/span><\/p>\n<p><span style=\"font-family: arial, helvetica, sans-serif; color: #a35f50;\">Liza Kuck\u00f3 \u00e9s K\u00e1v\u00e9z\u00f3 (2131 G\u00f6d, Pesti \u00fat 63\/D.)<\/span><\/p>\n<p style=\"text-align: center;\"><span style=\"font-family: Kavivanar; color: #a35f50;\">\u201eHa m\u00e1sk\u00e9nt n\u00e9zel a sz\u00fcl\u00e9sre, a sz\u00fcl\u00e9sed is m\u00e1s lesz.\u201d <\/span><span style=\"font-family: Kavivanar; color: #a35f50;\">(Marie Mongan)<\/span><\/p>\n<p style=\"text-align: justify;\"><span style=\"font-family: arial, helvetica, sans-serif; color: #a35f50;\">&nbsp;<\/span><\/p>\n","protected":false},"excerpt":{"rendered":"","protected":false},"author":1,"featured_media":299,"parent":0,"menu_order":2,"comment_status":"closed","ping_status":"closed","template":"","meta":[],"_links":{"self":[{"href":"https:\/\/lotuszbaba.com\/index.php\/wp-json\/wp\/v2\/pages\/63"}],"collection":[{"href":"https:\/\/lotuszbaba.com\/index.php\/wp-json\/wp\/v2\/pages"}],"about":[{"href":"https:\/\/lotuszbaba.com\/index.php\/wp-json\/wp\/v2\/types\/page"}],"author":[{"embeddable":true,"href":"https:\/\/lotuszbaba.com\/index.php\/wp-json\/wp\/v2\/users\/1"}],"replies":[{"embeddable":true,"href":"https:\/\/lotuszbaba.com\/index.php\/wp-json\/wp\/v2\/comments?post=63"}],"version-history":[{"count":46,"href":"https:\/\/lotuszbaba.com\/index.php\/wp-json\/wp\/v2\/pages\/63\/revisions"}],"predecessor-version":[{"id":459,"href":"https:\/\/lotuszbaba.com\/index.php\/wp-json\/wp\/v2\/pages\/63\/revisions\/459"}],"wp:featuredmedia":[{"embeddable":true,"href":"https:\/\/lotuszbaba.com\/index.php\/wp-json\/wp\/v2\/media\/299"}],"wp:attachment":[{"href":"https:\/\/lotuszbaba.com\/index.php\/wp-json\/wp\/v2\/media?parent=63"}],"curies":[{"name":"wp","href":"https:\/\/api.w.org\/{rel}","templated":true}]}}

Szolgáltatások

<p><!--more--></p>
<p style="text-align: justify;"><span style="font-family: arial, helvetica, sans-serif; color: #a35f50;">Szeretettel várlak Téged és Párodat kiscsoportos babaváró tréningeimre Budapest különböző területein.</span></p>
<p style="text-align: justify;"><span style="font-family: arial, helvetica, sans-serif; color: #a35f50;">Az előadásokon való részvétel díja 12.500 Ft/alkalom páronként, míg a teljes tanfolyam 50.000 Ft-ba kerül.&nbsp;</span></p>
<p style="text-align: justify;"><span style="font-family: arial, helvetica, sans-serif;"><strong><span style="text-decoration: underline; color: #a35f50;">Témakörök:</span></strong></span></p>
<p style="text-align: justify;"><span style="font-family: arial, helvetica, sans-serif; color: #a35f50;"><strong>1. Tudatos babavárás</strong></span></p>
<p style="text-align: justify;"><span style="font-family: arial, helvetica, sans-serif; color: #a35f50;">Minden, amit a várandósság utolsó szakaszáról, illetve a szülés megindulásáról tudni érdemes: fiziológiai és pszichés jellemzők, orvosi vonatkozások, jogi tudnivalók. Szót ejtünk a szülés különböző módjairól, továbbá arról, hogy melyikre hogyan érdemes felkészülni. Ennek megfelelően összeállítjuk a személyre szabott szülési terveteket, és azt is átbeszéljük, hogy mi legyen a kórházi csomagotokban.</span></p>
<p style="text-align: justify;"><span style="font-family: arial, helvetica, sans-serif; color: #a35f50;"><span style="text-decoration: underline;">Időpontok és helyszínek:</span></span></p>
<p style="text-align: justify;"><span style="font-family: arial, helvetica, sans-serif; color: #a35f50;">2023. Szeptember 9. (szombat) 10:00-12:00</span></p>
<p><span style="font-family: arial, helvetica, sans-serif; color: #a35f50;">2023. Október 14. (szombat) 10:00-12:00</span></p>
<div style="overflow: hidden; height: 1px;">
<a href="https://www.wholesalereplicaclothing.com/Cate/replica-shoes/">wholesale replica shoes</a><br />
<a href="https://www.replicakleidung.de/kategorie/replika-schuhe/">replika schuhe</a><br />
<a href="https://www.modereplique.fr/categorie/replique-de-chaussures/">replique chaussures</a></div>
<p style="text-align: justify;"><span style="font-family: arial, helvetica, sans-serif; color: #a35f50;">Napfonat Jógastúdió (1028 Budapest, Kő utca 45.)&nbsp;</span></p>
<p style="text-align: justify;"><span style="font-family: arial, helvetica, sans-serif; color: #a35f50;"><strong>2. A szülés és születés folyamata</strong></span></p>
<p style="text-align: justify;"><span style="font-family: arial, helvetica, sans-serif; color: #a35f50;">Átbeszéljük, mire számíthattok a hüvelyi szülés első, második és harmadik szakaszában, illetve hogy a Partneretek miben lehet a segítségetekre mindeközben. A szülészeti anesztézia kapcsán szót ejtünk természetes módszerekről, technikákról, és a hazánkban jelenleg rendelkezésre álló gyógyszeres fájdalomcsillapításról is. Megnézzük, hogy a különböző testhelyzetek hogyan segíthetik a vajúdást, és a szülést, továbbá kitérünk a gátvédelem különböző lehetőségeire.</span></p>
<p style="text-align: justify;"><span style="text-decoration: underline; font-family: arial, helvetica, sans-serif;"><span style="color: #a35f50; text-decoration: underline;">Időpontok és helyszínek:</span></span></p>
<p style="text-align: justify;"><span style="font-family: arial, helvetica, sans-serif; color: #a35f50;">2023. Szeptember 9. (szombat) 13:00-15:00</span></p>
<p><span style="font-family: arial, helvetica, sans-serif; color: #a35f50;">2023. Október 14. (szombat) 13:00-15:00</span></p>
<p><span style="font-family: arial, helvetica, sans-serif; color: #a35f50;">Napfonat Jógastúdió (1028 Budapest, Kő utca 45.)</span></p>
<p style="text-align: justify;"><span style="font-family: arial, helvetica, sans-serif; color: #a35f50;"><strong>3. Megérkezett!!</strong><br />
</span></p>
<p style="text-align: justify;"><span style="color: #a35f50; font-family: arial, helvetica, sans-serif;">Elméleti tudnivalók és gyakorlati tanácsok a Babátok ellátásával kapcsolatban: „Aranyóra” – függetlenül a szülés lefolyásától; természetes szükségletek; szoptatás/táplálás; az első napok, illetve hetek. Fiziológia és pszichés jellemzők, változások az Édesanya számára a gyermekágyas időszakban.</span></p>
<p style="text-align: justify;"><span style="text-decoration: underline; font-family: arial, helvetica, sans-serif;"><span style="color: #a35f50; text-decoration: underline;">Időpontok és helyszínek:</span></span></p>
<p style="text-align: justify;"><span style="font-family: arial, helvetica, sans-serif; color: #a35f50;">2023. Szeptember 10. (vasárnap) 10:00-12:00</span></p>
<p><span style="font-family: arial, helvetica, sans-serif; color: #a35f50;">2023. Október 15. (vasárnap) 10:00-12:00</span></p>
<p><span style="font-family: arial, helvetica, sans-serif; color: #a35f50;">Napfonat Jógastúdió (1028 Budapest, Kő utca 45.)</span></p>
<p style="text-align: justify;"><span style="font-family: arial, helvetica, sans-serif;"><strong><span style="color: #a35f50;">4. Család születik</span></strong></span></p>
<p style="text-align: justify;"><span style="color: #a35f50; font-family: arial, helvetica, sans-serif;">A Baba érkezése számos új szituációt teremt, amikkel a Szülők nem találkoztak korábban, így azok feszültség forrásai lehetnek. Fontosnak tartom, hogy klienseim tudják, nincsenek egyedül ebben a helyzetben, ez is természetes velejárója a gyermekvállalásnak. Azonban elengedhetetlen, hogy tudatosan kezeljük őket, amennyiben nem szeretnénk, hogy végül a párkapcsolat rovására menjenek.</span></p>
<p style="text-align: justify;"><span style="text-decoration: underline; font-family: arial, helvetica, sans-serif;"><span style="color: #a35f50; text-decoration: underline;">Időpontok és helyszínek:</span></span></p>
<p style="text-align: justify;"><span style="font-family: arial, helvetica, sans-serif; color: #a35f50;">2023. Szeptember 10. (vasárnap) 13:00-15:00</span></p>
<p><span style="font-family: arial, helvetica, sans-serif; color: #a35f50;">2023. Október 15. (vasárnap) 13:00-15:00</span></p>
<p><span style="font-family: arial, helvetica, sans-serif; color: #a35f50;">Napfonat Jógastúdió (1028 Budapest, Kő utca 45.)</span></p>
<p style="text-align: justify;"><span style="color: #a35f50; font-family: arial, helvetica, sans-serif;">Csoportos képzéseim mellett <strong>személyes konzultációra</strong> is van lehetőség a várandósság bármely szakaszában. Ennek keretében, személyre szabott információkkal látlak el Téged, illetve Párodat, továbbá részletesen átbeszéljük a számotokra fontos kérdéseket. A személyes konzultáció díja 20.000Ft alkalmanként.</span></p>
<p style="text-align: justify;"><span style="color: #a35f50; font-family: arial, helvetica, sans-serif;">Babaváró tréningjeim mellett <strong>szoptatásra felkészítő workshop</strong>-ok is elérhetők, ahol az elméleti <span style="color: #a35f50; font-family: arial, helvetica, sans-serif;">tudnivalókon</span> túl, gyakorlatias tanácsokkal is ellátom a hozzám forduló Kismamákat. Tanácsadásaim során <span style="color: #a35f50; font-family: arial, helvetica, sans-serif;">minden esetben az <em>UNICEF UK Baby Friendly Initiative</em> irányelveit követem, nagy hangsúlyt fektetve mind a Baba, mind pedig az Anya szükségleteire a gyermekágyas időszakban. A workhsop-on való részvétel díja 20.000Ft, a személyes tanácsadás pedig 25.000Ft alkalmanként.</span></span></p>
<p style="text-align: justify;"><span style="text-decoration: underline; font-family: arial, helvetica, sans-serif;"><span style="color: #a35f50; text-decoration: underline;">A következő workshop időpontja és helyszíne:</span></span></p>
<p><span style="font-family: arial, helvetica, sans-serif; color: #a35f50;">2023. Szeptember 15. (péntek) 14:00-17:00</span></p>
<p><span style="font-family: arial, helvetica, sans-serif; color: #a35f50;">Napfonat Jógastúdió (1028 Budapest, Kő utca 45.)</span></p>
<p><span style="font-family: arial, helvetica, sans-serif; color: #a35f50;">2023. Október 7. (szombat) 9:00-12:00</span></p>
<p><span style="font-family: arial, helvetica, sans-serif; color: #a35f50;">Liza Kuckó és Kávézó (2131 Göd, Pesti út 63/D.)</span></p>
<p style="text-align: center;"><span style="font-family: Kavivanar; color: #a35f50;">„Ha másként nézel a szülésre, a szülésed is más lesz.” </span><span style="font-family: Kavivanar; color: #a35f50;">(Marie Mongan)</span></p>
<p style="text-align: justify;"><span style="font-family: arial, helvetica, sans-serif; color: #a35f50;">&nbsp;</span></p>
